37
In base 11, what is 10 - 24394?
-24384
In base 12, what is 0 + 2a4?
2a4
In base 16, what is -2 - -134ec1?
134ebf
In base 9, what is -318867 + -1?
-318868
In base 13, what is -5725 - 3c?
-5764
In base 8, what is 105361 - 3?
105356
In base 11, what is 18462 + -3?
1845a
In base 9, what is -110 + 336?
226
In base 9, what is -2 - 482004?
-482006
In base 2, what is 10101 + -1010101100?
-1010010111
In base 13, what is ba + -1a72?
-1985
In base 8, what is -1067 - -40?
-1027
In base 4, what is 2132220 + -1332?
2130222
In base 12, what is 10124 + -2?
10122
In base 12, what is 248 + -64a?
-402
In base 10, what is 316586 + -8?
316578
In base 9, what is 623 - -7274?
8007
In base 5, what is -3404 + 140?
-3214
In base 4, what is -13 + 212232120?
212232101
In base 10, what is -396608 - 3?
-396611
In base 7, what is -1656060 + -22?
-1656112
In base 9, what is -435313 + -3?
-435316
In base 8, what is 11 + -17604?
-17573
In base 3, what is -201200 + 10011111?
2102211
In base 4, what is 32011 - 12113?
13232
In base 3, what is 2021 + -102211212?
-102202121
In base 8, what is -23 - 75004?
-75027
In base 13, what is -36 + -1977?
-19b0
In base 8, what is -1536 + -1010?
-2546
In base 10, what is 107 - -3788?
3895
In base 4, what is -30332 - -1310?
-23022
In base 3, what is 10221 - 20020112?
-20002121
In base 10, what is -71 + 1369?
1298
In base 9, what is -15 + -332616?
-332632
In base 10, what is 267 + 1536?
1803
In base 9, what is 50525 + 40?
50565
In base 6, what is -1545 + -341?
-2330
In base 2, what is -101011 + 1000011100?
111110001
In base 8, what is 1453 + 1010?
2463
In base 5, what is 1341040 - -20?
1341110
In base 8, what is -70533 + 0?
-70533
In base 12, what is -23b + -7262?
-74a1
In base 11, what is 1939 + 8?
1946
In base 14, what is -26 + -bc?
-104
In base 10, what is 20602 - 107?
20495
In base 14, what is -5 + -5351?
-5356
In base 5, what is -11 + 242414?
242403
In base 15, what is -27b - ac?
-338
In base 7, what is -6342 + 510?
-5532
In base 11, what is -13 + 29989?
29976
In base 4, what is -1023300011012 + -3?
-1023300011021
In base 5, what is -4 - -11403312?
11403303
In base 7, what is -103105 - 41?
-103146
In base 6, what is -451 + -11213?
-12104
In base 3, what is -10 - -11120000?
11112220
In base 5, what is -2334 - -10112?
2223
In base 15, what is 58b - 4?
587
In base 16, what is -18f1 + -1?
-18f2
In base 14, what is -275d6 - -5?
-275d1
In base 10, what is -754 - 2622?
-3376
In base 5, what is -224 - -223233?
223004
In base 6, what is -25125355 - -2?
-25125353
In base 13, what is 0 + 8183?
8183
In base 6, what is -152 - -311?
115
In base 14, what is -9d28 - 16?
-9d40
In base 2, what is -110010100111101010 + 1?
-110010100111101001
In base 13, what is -44125 - -5?
-44120
In base 9, what is -1 + -35475?
-35476
In base 14, what is -1a92 - b7?
-1b69
In base 11, what is 5 - 134?
-12a
In base 4, what is 2203 + -1221002?
-1212133
In base 6, what is -4 - 120301?
-120305
In base 7, what is -6616 - 3?
-6622
In base 13, what is 30 - -12a5?
1305
In base 9, what is 5806 - 14?
5782
In base 4, what is 1021031 - 3?
1021022
In base 2, what is 100101 - -10010001?
10110110
In base 9, what is -204434 - 0?
-204434
In base 13, what is 143 + 584?
6c7
In base 14, what is 0 - -373c?
373c
In base 11, what is 16765 - -2?
16767
In base 4, what is -10230 - -221333?
211103
In base 12, what is 2ab + 42?
331
In base 15, what is 451 - -18?
469
In base 12, what is 0 - 8046?
-8046
In base 16, what is ee3 - -1e?
f01
In base 3, what is 1101101221101 - 1?
1101101221100
In base 14, what is 31 + -60?
-2d
In base 12, what is 22006 + 1?
22007
In base 7, what is -202 - 25516?
-26021
In base 7, what is 3 + 544552?
544555
In base 13, what is 5 + 6316?
631b
In base 10, what is -920 - 683?
-1603
In base 10, what is -4916 - 30?
-4946
In base 13, what is -3 - -139b?
1398
In base 13, what is 3 + -41170?
-4116a
In base 5, what is 13420 - 1202?
12213
In base 12, what is -a6193 - -1?
-a6192
In base 14, what is -c7b - 61c?
-1499
In base 16, what is -2 + -d0ac?
-d0ae
In base 16, what is -a + 49af0?
49ae6
In base 10, what is 21985 + -5?
21980
In base 11, what is -82 - 4a2?
-574
In base 7, what is -446 + 13?
-433
In base 8, what is 3 - 1314344?
-1314341
In base 6, what is -2 - -111502?
111500
In base 15, what is e760 + 13?
e773
In base 9, what is 27 + -15400?
-15362
In base 6, what is 25 + -355202?
-355133
In base 8, what is 140753 - 22?
140731
In base 3, what is -1111012 + 120?
-1110122
In base 16, what is 4 + 17924a?
17924e
In base 11, what is 1a + -1329?
-130a
In base 2, what is -10000011000 + -100011001110?
-110011100110
In base 14, what is 39 + -1511?
-14b6
In base 6, what is -351013 + 124?
-350445
In base 7, what is 5 - 433515?
-433510
In base 16, what is -72df + 3?
-72dc
In base 16, what is -2e3525 - -4?
-2e3521
In base 5, what is 3 - 330214?
-330211
In base 2, what is 100111000010100 + 10100?
100111000101000
In base 5, what is -204430 + -10?
-204440
In base 4, what is 2202 - 12003013?
-12000211
In base 14, what is 3404 - 132?
32b2
In base 3, what is 2212101002 - 1001?
2212100001
In base 11, what is 1 + 366400?
366401
In base 12, what is -3776 + 1?
-3775
In base 5, what is -10 - 111331121?
-111331131
In base 5, what is -4000 + 233?
-3212
In base 15, what is 0 + -25bd7?
-25bd7
In base 13, what is -653 - b7b?
-1501
In base 11, what is a45 - -30?
a75
In base 16, what is -1c8 + -d0?
-298
In base 12, what is -3311 + 568?
-2965
In base 4, what is 2123 + 1312?
10101
In base 12, what is -112852 - 1?
-112853
In base 16, what is 37 + 402?
439
In base 8, what is -1072 - 43?
-1135
In base 16, what is 6b67f + 2?
6b681
In base 10, what is -2 + 109440?
109438
In base 14, what is -2 - 172593?
-172595
In base 16, what is 1e4 + -d1?
113
In base 11, what is -138495 - -24?
-138471
In base 12, what is 1a5 - 46?
15b
In base 13, what is 3aba - 50?
3a6a
In base 4, what is -12030 + -33300?
-111330
In base 8, what is 1153 - 516?
435
In base 2, what is -11 + -11010010100110101100?
-11010010100110101111
In base 9, what is -5 + -3210?
-3215
In base 3, what is 22 - 1020211012?
-1020210220
In base 5, what is 2 - 2021222?
-2021220
In base 6, what is 1241 - 20434?
-15153
In base 11, what is 4592 - -13a?
4721
In base 16, what is -5 + dd85?
dd80
In base 14, what is 1d254 - 16?
1d23c
In base 16, what is -22 - 4a?
-6c
In base 11, what is -31933 - 8?
-31940
In base 5, what is 12 + -23031?
-23014
In base 15, what is cbd0b - 5?
cbd06
In base 6, what is 32 + 20113?
20145
In base 2, what is 11001100101 - 111?
11001011110
In base 5, what is -11 + 2112204?
2112143
In base 5, what is 0 + -44230024?
-44230024
In base 16, what is -1773 + 45?
-172e
In base 5, what is -21 + 303124?
303103
In base 10, what is 741 + -16?
725
In base 6, what is 230440 + -13?
230423
In base 8, what is 13 + -11202?
-11167
In base 8, what is 24 - -12025?
12051
In base 7, what is 11166 - -1225?
12424
In base 14, what is 426d + -5?
4268
In base 4, what is 220221001 + 1?
220221002
In base 3, what is -1211102 - 0?
-1211102
In base 6, what is 2131452 - 2?
2131450
In base 13, what is -1a + 1922?
1905
In base 6, what is 1144 + 31420?
33004
In base 16, what is -69f - 24?
-6c3
In base 6, what is -15251554 - -5?
-15251545
In base 13, what is 1 + -49931?
-49930
In base 14, what is 53c9 + 5?
53d0
In base 14, what is 1 + -2128?
-2127
In base 3, what is -1212 - 1020011212?
-1020020201
In base 10, what is -17316 + 35?
-17281
In base 3, what is 10 - -220020020021?
220020020101
In base 2, what is 100101 - 10011011101?
-10010111000
In base 3, what is -1110201201121 - 2?
-1110201201200
In base 2, what is -1000101101 + 10010011?
-110011010
In base 3, what is -1002111011 - 1201?
-1002112212
In base 13, what is 651 - 30?
621
In base 9, what is 538 + -227?
311
In base 15, what is -9b21 + -1?
-9b22
In base 15, what is -961 + 1c?
-944
In base 10, what is -62 - 1077?
-1139
In base 13, what is -2cb93 - 9?
-2cb9c
In base 15, what is 3 - -8c31?
8c34
In base 16, what is -4d7a - -1?
-4d79
In base 3, what is -10102000 + 11222?
-10020001
In base 5, what is 10 - -1301321?
1301331
In base 16, what is cd + -3?
ca
In base 6, what is -520 + -420?
-1340
In base 10, what is 1671 + 5?
1676
In base 10, what is 9112 + -11?
9101
In base 5, what is 43 - 10144001?
-10143403
In base 15, what is -1139 - 110